{"id":27,"date":"2013-02-20T17:33:45","date_gmt":"2013-02-20T16:33:45","guid":{"rendered":"http:\/\/www.acetaiavillabianca.com\/?page_id=27"},"modified":"2014-12-04T10:42:31","modified_gmt":"2014-12-04T09:42:31","slug":"acetaia-villa-bianca","status":"publish","type":"page","link":"https:\/\/www.acetaiavillabianca.com\/es\/acetaia-villa-bianca\/","title":{"rendered":"Antica Acetaia Villa Bianca"},"content":{"rendered":"<p><\/p>\n<p>La Antica Acetaia Villa Bianca se encuentra en una posici\u00f3n privilegiada para la producci\u00f3n y el refinado del <em>Vinagre Bals\u00e1mico Tradicional de M\u00f3dena<\/em> y ofrece la ocasi\u00f3n de una inmersi\u00f3n en el pasado. La antigua villa se remonta al siglo XVII y conserva celosamente en sus preciosos barriles la pasi\u00f3n de siete generaciones. La familia Biancardi se compone de: Claudio, Irene, Emilio y Aurora. Estamos todos implicados en la producci\u00f3n: \u00a1trabajamos con tes\u00f3n para obtener los mejores resultados!<\/p>\n<div style=\"width: 310px\" class=\"wp-caption aligncenter\"><a href=\"http:\/\/www.acetaiavillabianca.com\/wp-content\/uploads\/2013\/02\/acetaiavillabianca_famiglia.jpg\"><img loading=\"lazy\" decoding=\"async\" class=\"size-full wp-image-609 cerchio  \" alt=\"acetaiavillabianca_famiglia\" src=\"http:\/\/www.acetaiavillabianca.com\/wp-content\/uploads\/2013\/02\/acetaiavillabianca_famiglia.jpg\" width=\"300\" height=\"300\" \/><\/a><p class=\"wp-caption-text\">Emilio, Claudio, Irene y Aurora<\/p><\/div>\n<p><strong>La historia\u00a0\u2014<\/strong>\u00a0El n\u00facleo m\u00e1s antiguo de los barriles\u00a0del Vinagre Bals\u00e1mico de la acetaia de Villa Bianca* , proviene de la familia Cavallini di Castelvetro, aportada como dote matrimonial de Ada que se cas\u00f3 con Bernardo Soli, padre de Bice y abuelo materno de Claudio Biancardi. Algunos de estos barriles son de los primeros decenios del 1800; como prueba de ello existen datos certeros e hist\u00f3ricamente documentados. En un escrito sobre el Vinagre Bals\u00e1mico del Profesor Mario Sacchetti de la Universidad de Bolonia, publicado en diciembre de 1936 \u00a0en el \u201cBolet\u00edn de la Secci\u00f3n Italiana de la Sociedad Internacional de Microbiolog\u00eda\u201d (Bollettino della Sezione Italiana della Societ\u00e0 Internazionale di Microbiologia), se habla de los barriles de la familia Cavallini di Castelvetro y el nombre del Doctor Bernardo Soli figura entre los que proveyeron muestras de \u201cBals\u00e1mico\u201d procedentes de \u201ccinco barriles muy viejos\u201c utilizados para un trabajo sucesivo de investigaci\u00f3n concluido en 1948. En aquellos a\u00f1os aparecieron algunos art\u00edculos firmados por Bernardo Soli en algunos diarios modeneses y se conserva una carta suya dirigida a la prima Victoria en la cual viene descrita la metodolog\u00eda de producci\u00f3n del Vinagre Bals\u00e1mico.<\/p>\n<div style=\"width: 990px\" class=\"wp-caption alignnone\"><img loading=\"lazy\" decoding=\"async\" alt=\"Bernardo Soli laureato in scienze agrarie all'inizio del secolo scorso\" src=\"http:\/\/www.acetaiavillabianca.com\/wp-content\/uploads\/2013\/02\/acetaiavillabianca_bernardosoli.jpg\" width=\"980\" height=\"727\" \/><p class=\"wp-caption-text\">Bernardo Soli<\/p><\/div>\n<p><strong>1963 \u2014\u00a0<\/strong>La ampliaci\u00f3n de la acetaia de la familia se efectu\u00f3 en 1963 cuando Claudio, inscrito en el curso de Qu\u00edmica de los Alimentos dirigido por el Prof. D. Coppini de la Universidad de M\u00f3dena, supo del encargo del Ministerio de Agricultura de definir algunos par\u00e1metros anal\u00edticos, con el fin de caracterizar el Vinagre Bals\u00e1mico moden\u00e9s, para alcanzar, en \u00faltimo t\u00e9rmino, el reconocimiento de la denominaci\u00f3n de origen. La obra de ampliaci\u00f3n se concluy\u00f3 en 1980.<\/p>\n<div style=\"width: 990px\" class=\"wp-caption alignnone\"><a href=\"http:\/\/www.acetaiavillabianca.com\/wp-content\/uploads\/2013\/02\/acetaiavillabianca_acetaia1.jpg\"><img loading=\"lazy\" decoding=\"async\" alt=\"L\u2019acetaia nel sottotetto di Villa Bianca\" src=\"http:\/\/www.acetaiavillabianca.com\/wp-content\/uploads\/2013\/02\/acetaiavillabianca_acetaia1.jpg\" width=\"980\" height=\"654\" \/><\/a><p class=\"wp-caption-text\">La acetaia en la buhardilla de Villa Bianca<\/p><\/div>\n<h3>La familia Biancardi<\/h3>\n<p><strong>Bice Soli<\/strong>\u00a0\u2014 Hija de Bernardo, mujer de Edgar y madre de Claudio y Vincenzo. Trabajadora incansable y mujer de gran valent\u00eda. Al soldado alem\u00e1n que, arma en mano, quer\u00eda impedirle entrar a visitar al padre ciego capturado en una batida, le cogi\u00f3 el ca\u00f1\u00f3n de la metralleta, lo baj\u00f3 y prosigui\u00f3 su camino. Siempre implic\u00f3 a los propios hijos en el trabajo y fue as\u00ed como Claudio aprendi\u00f3 a encargarse del vinagre.<\/p>\n<div style=\"width: 990px\" class=\"wp-caption alignnone\"><a href=\"http:\/\/www.acetaiavillabianca.com\/wp-content\/uploads\/2013\/02\/famigliabiancardi_bicesoli.jpg\"><img loading=\"lazy\" decoding=\"async\" alt=\"Bice Soli preleva aceto dalle botti con il &quot;saggio&quot;\" src=\"http:\/\/www.acetaiavillabianca.com\/wp-content\/uploads\/2013\/02\/famigliabiancardi_bicesoli.jpg\" width=\"980\" height=\"735\" \/><\/a><p class=\"wp-caption-text\">Bice Soli retira vinagre de los barriles con el \u201csaggio\u201d<\/p><\/div>\n<p><strong>CLAUDIO BIANCARDI\u00a0<\/strong>\u2014 Nacido en Spilamberto de M\u00f3dena, conocido por todos como la ciudad cuna del Bals\u00e1mico. Inici\u00f3 su actividad como restaurador y anticuario de muebles antiguos. Despu\u00e9s de los estudios cl\u00e1sicos se gradu\u00f3 en qu\u00edmica que ense\u00f1\u00f3 durante 30 a\u00f1os. A los 23 a\u00f1os, tras el examen de qu\u00edmica de los alimentos, comenz\u00f3 a ocuparse del Vinagre Bals\u00e1mico moden\u00e9s. Mientras el Vinagre Bals\u00e1mico envejec\u00eda \u00e9l se ocupaba de los caballos, hac\u00eda concursos h\u00edpicos y se dedicaba a la agricultura. En el 1976 frecuent\u00f3 el primer curso de la carrera en ciencias grafol\u00f3gicas de la Universidad de Urbino donde conoci\u00f3 a Irene, el amor de su vida con qui\u00e9n tuvo dos hijos: Emilio y Aurora. Ha dirigido el Consorcio de Productores de Vinagre Bals\u00e1mico Tradicional de M\u00f3dena, desde 1990 hasta 2003, luchando por obtener la Denominaci\u00f3n de Origen Protegida. Su mote es: \u201cTrabajar\u00e9 siempre m\u00e1s\u201d.<\/p>\n<div style=\"width: 990px\" class=\"wp-caption alignnone\"><a href=\"http:\/\/www.acetaiavillabianca.com\/wp-content\/uploads\/2013\/02\/famigliabiancardi_edgard-claudio.jpg\"><img loading=\"lazy\" decoding=\"async\" alt=\"Edgar e Claudio assaggiano Balsamico Tradizionale\" src=\"http:\/\/www.acetaiavillabianca.com\/wp-content\/uploads\/2013\/02\/famigliabiancardi_edgard-claudio.jpg\" width=\"980\" height=\"735\" \/><\/a><p class=\"wp-caption-text\">Edgar y Claudio catan Vinagre Bals\u00e1mico Tradicional<\/p><\/div>\n<p><strong>IRENE P\u00c1TARA Biancardi<\/strong>\u00a0\u2014 Naci\u00f3 en Roma de padre italo-holand\u00e9s, vivi\u00f3 en Sicilia, estudi\u00f3 proyectaci\u00f3n gr\u00e1fica y comunicaci\u00f3n visual en el ISIA de Urbino, y, pasando por Milano, P\u00e9saro y Bolonia, lleg\u00f3 a M\u00f3dena en 1980. Se cas\u00f3 con Claudio y unos a\u00f1os despu\u00e9s nacieron Emilio y Aurora. En M\u00f3dena ense\u00f1a arte y dirige talleres de teatro para ni\u00f1os. Escribe e ilustra gu\u00edas did\u00e1cticas para profesores. Organiza visitas, degustaciones y propone juegos y recetas bals\u00e1micas a los visitantes de la acetaia.<\/p>\n<div style=\"width: 990px\" class=\"wp-caption alignnone\"><img loading=\"lazy\" decoding=\"async\" alt=\"Irene durante la vendemmia\" src=\"http:\/\/www.acetaiavillabianca.com\/wp-content\/uploads\/2013\/02\/acetaiavillabianca_irene-vigna.jpg\" width=\"980\" height=\"653\" \/><p class=\"wp-caption-text\">Irene durante la cosecha<\/p><\/div>\n<p><strong>Emilio Biancardi<\/strong>\u00a0\u2014\u00a0Estudi\u00f3 idiomas y se gradu\u00f3 en Geograf\u00eda y procesos territoriales en la Universidad de Bolonia con una tesis sobre la evoluci\u00f3n del paisaje rural en las colinas bolo\u00f1esas. Durante sus estudios vivi\u00f3 en Alemania donde estudi\u00f3 alem\u00e1n, aprendi\u00f3 espa\u00f1ol, practic\u00f3 ingl\u00e9s y refin\u00f3 su franc\u00e9s. Despu\u00e9s de haber trabajado en el campo de la distribuci\u00f3n alimentaria y de la energ\u00eda, en 2011, empez\u00f3 a trabajar a tiempo completo en la empresa. Paralelamente a la actividad de la acetaia cultiva sus grandes pasiones: el canto l\u00edrico, el teatro, el deporte y la buena cocina.<\/p>\n<div style=\"width: 416px\" class=\"wp-caption aligncenter\"><a href=\"http:\/\/www.acetaiavillabianca.com\/wp-content\/uploads\/2013\/02\/acetaiavillabianca_emilio.jpg\"><img loading=\"lazy\" decoding=\"async\" class=\"cerchio \" alt=\"Emilio al lavoro\" src=\"http:\/\/www.acetaiavillabianca.com\/wp-content\/uploads\/2013\/02\/acetaiavillabianca_emilio.jpg\" width=\"406\" height=\"406\" \/><\/a><p class=\"wp-caption-text\">Emilio en el trabajo<\/p><\/div>\n<p><strong>Aurora Biancardi<\/strong>\u00a0\u2014 Naci\u00f3 en el fr\u00edo invierno de 1985. Sus primeras meriendas fueron a base de pan y Vinagre Bals\u00e1mico. Se diplom\u00f3 en el Liceo Cl\u00e1sico de M\u00f3dena y estudi\u00f3 dise\u00f1o gr\u00e1fico y comunicaci\u00f3n audiovisual en Urbino, Augsburg (Alemania), Venecia y Mil\u00e1n. Desde 2008 trabaja como dise\u00f1adora gr\u00e1fica aut\u00f3noma: da forma a los contenidos guiada por la b\u00fasqueda de la belleza y la eficiencia. Dise\u00f1a portadas de libros, marcas, manifiestos y regalos por encargo. Se ocupa de la comunicaci\u00f3n de la acetaia para la cual dise\u00f1a tambi\u00e9n etiquetas personalizadas. Para saber m\u00e1s visite el sitio\u00a0<a href=\"http:\/\/www.aurorabiancardi.com\" target=\"_blank\"><em>www.aurorabiancardi.com<\/em><\/a><\/p>\n<div style=\"width: 990px\" class=\"wp-caption alignnone\"><img loading=\"lazy\" decoding=\"async\" alt=\"Aurora e Irene (foto: Janice Waugh)\" src=\"http:\/\/www.acetaiavillabianca.com\/wp-content\/uploads\/2013\/02\/acetaiavillabianca_aurorairene.jpg\" width=\"980\" height=\"590\" \/><p class=\"wp-caption-text\">Aurora y Irene (foto: Janice Waugh)<\/p><\/div>\n<p><script type=\"text\/javascript\">\/\/ <![CDATA[\n(function(i,s,o,g,r,a,m){i['GoogleAnalyticsObject']=r;i[r]=i[r]||function(){\n  (i[r].q=i[r].q||[]).push(arguments)},i[r].l=1*new Date();a=s.createElement(o),\n  m=s.getElementsByTagName(o)[0];a.async=1;a.src=g;m.parentNode.insertBefore(a,m)\n  })(window,document,'script','\/\/www.google-analytics.com\/analytics.js','ga');\n\n  ga('create', 'UA-44788597-1', 'acetaiavillabianca.com');\n  ga('send', 'pageview');\n\/\/ ]]><\/script><\/p>\n<p><\/p>","protected":false},"excerpt":{"rendered":"<p>La Antica Acetaia Villa Bianca se encuentra en una posici\u00f3n privilegiada para la producci\u00f3n y el refinado del Vinagre Bals\u00e1mico Tradicional de M\u00f3dena y ofrece la ocasi\u00f3n de una inmersi\u00f3n en el pasado. La antigua villa se remonta al siglo XVII y conserva celosamente en sus preciosos barriles la pasi\u00f3n de siete generaciones. La familia [&hellip;]<\/p>\n","protected":false},"author":2,"featured_media":0,"parent":0,"menu_order":0,"comment_status":"closed","ping_status":"closed","template":"page-acetaia.php","meta":{"footnotes":""},"class_list":["post-27","page","type-page","status-publish","hentry"],"_links":{"self":[{"href":"https:\/\/www.acetaiavillabianca.com\/es\/wp-json\/wp\/v2\/pages\/27","targetHints":{"allow":["GET"]}}],"collection":[{"href":"https:\/\/www.acetaiavillabianca.com\/es\/wp-json\/wp\/v2\/pages"}],"about":[{"href":"https:\/\/www.acetaiavillabianca.com\/es\/wp-json\/wp\/v2\/types\/page"}],"author":[{"embeddable":true,"href":"https:\/\/www.acetaiavillabianca.com\/es\/wp-json\/wp\/v2\/users\/2"}],"replies":[{"embeddable":true,"href":"https:\/\/www.acetaiavillabianca.com\/es\/wp-json\/wp\/v2\/comments?post=27"}],"version-history":[{"count":12,"href":"https:\/\/www.acetaiavillabianca.com\/es\/wp-json\/wp\/v2\/pages\/27\/revisions"}],"predecessor-version":[{"id":3905,"href":"https:\/\/www.acetaiavillabianca.com\/es\/wp-json\/wp\/v2\/pages\/27\/revisions\/3905"}],"wp:attachment":[{"href":"https:\/\/www.acetaiavillabianca.com\/es\/wp-json\/wp\/v2\/media?parent=27"}],"curies":[{"name":"wp","href":"https:\/\/api.w.org\/{rel}","templated":true}]}}

<p></p>
<p>La Antica Acetaia Villa Bianca se encuentra en una posición privilegiada para la producción y el refinado del <em>Vinagre Balsámico Tradicional de Módena</em> y ofrece la ocasión de una inmersión en el pasado. La antigua villa se remonta al siglo XVII y conserva celosamente en sus preciosos barriles la pasión de siete generaciones. La familia Biancardi se compone de: Claudio, Irene, Emilio y Aurora. Estamos todos implicados en la producción: ¡trabajamos con tesón para obtener los mejores resultados!</p>
<div style="width: 310px" class="wp-caption aligncenter"><a href="http://www.acetaiavillabianca.com/wp-content/uploads/2013/02/acetaiavillabianca_famiglia.jpg"><img loading="lazy" decoding="async" class="size-full wp-image-609 cerchio  " alt="acetaiavillabianca_famiglia" src="http://www.acetaiavillabianca.com/wp-content/uploads/2013/02/acetaiavillabianca_famiglia.jpg" width="300" height="300" /></a><p class="wp-caption-text">Emilio, Claudio, Irene y Aurora</p></div>
<p><strong>La historia —</strong> El núcleo más antiguo de los barriles del Vinagre Balsámico de la acetaia de Villa Bianca* , proviene de la familia Cavallini di Castelvetro, aportada como dote matrimonial de Ada que se casó con Bernardo Soli, padre de Bice y abuelo materno de Claudio Biancardi. Algunos de estos barriles son de los primeros decenios del 1800; como prueba de ello existen datos certeros e históricamente documentados. En un escrito sobre el Vinagre Balsámico del Profesor Mario Sacchetti de la Universidad de Bolonia, publicado en diciembre de 1936  en el “Boletín de la Sección Italiana de la Sociedad Internacional de Microbiología” (Bollettino della Sezione Italiana della Società Internazionale di Microbiologia), se habla de los barriles de la familia Cavallini di Castelvetro y el nombre del Doctor Bernardo Soli figura entre los que proveyeron muestras de “Balsámico” procedentes de “cinco barriles muy viejos“ utilizados para un trabajo sucesivo de investigación concluido en 1948. En aquellos años aparecieron algunos artículos firmados por Bernardo Soli en algunos diarios modeneses y se conserva una carta suya dirigida a la prima Victoria en la cual viene descrita la metodología de producción del Vinagre Balsámico.</p>
<div style="width: 990px" class="wp-caption alignnone"><img loading="lazy" decoding="async" alt="Bernardo Soli laureato in scienze agrarie all'inizio del secolo scorso" src="http://www.acetaiavillabianca.com/wp-content/uploads/2013/02/acetaiavillabianca_bernardosoli.jpg" width="980" height="727" /><p class="wp-caption-text">Bernardo Soli</p></div>
<p><strong>1963 — </strong>La ampliación de la acetaia de la familia se efectuó en 1963 cuando Claudio, inscrito en el curso de Química de los Alimentos dirigido por el Prof. D. Coppini de la Universidad de Módena, supo del encargo del Ministerio de Agricultura de definir algunos parámetros analíticos, con el fin de caracterizar el Vinagre Balsámico modenés, para alcanzar, en último término, el reconocimiento de la denominación de origen. La obra de ampliación se concluyó en 1980.</p>
<div style="width: 990px" class="wp-caption alignnone"><a href="http://www.acetaiavillabianca.com/wp-content/uploads/2013/02/acetaiavillabianca_acetaia1.jpg"><img loading="lazy" decoding="async" alt="L’acetaia nel sottotetto di Villa Bianca" src="http://www.acetaiavillabianca.com/wp-content/uploads/2013/02/acetaiavillabianca_acetaia1.jpg" width="980" height="654" /></a><p class="wp-caption-text">La acetaia en la buhardilla de Villa Bianca</p></div>
<h3>La familia Biancardi</h3>
<p><strong>Bice Soli</strong> — Hija de Bernardo, mujer de Edgar y madre de Claudio y Vincenzo. Trabajadora incansable y mujer de gran valentía. Al soldado alemán que, arma en mano, quería impedirle entrar a visitar al padre ciego capturado en una batida, le cogió el cañón de la metralleta, lo bajó y prosiguió su camino. Siempre implicó a los propios hijos en el trabajo y fue así como Claudio aprendió a encargarse del vinagre.</p>
<div style="width: 990px" class="wp-caption alignnone"><a href="http://www.acetaiavillabianca.com/wp-content/uploads/2013/02/famigliabiancardi_bicesoli.jpg"><img loading="lazy" decoding="async" alt="Bice Soli preleva aceto dalle botti con il &quot;saggio&quot;" src="http://www.acetaiavillabianca.com/wp-content/uploads/2013/02/famigliabiancardi_bicesoli.jpg" width="980" height="735" /></a><p class="wp-caption-text">Bice Soli retira vinagre de los barriles con el “saggio”</p></div>
<p><strong>CLAUDIO BIANCARDI </strong>— Nacido en Spilamberto de Módena, conocido por todos como la ciudad cuna del Balsámico. Inició su actividad como restaurador y anticuario de muebles antiguos. Después de los estudios clásicos se graduó en química que enseñó durante 30 años. A los 23 años, tras el examen de química de los alimentos, comenzó a ocuparse del Vinagre Balsámico modenés. Mientras el Vinagre Balsámico envejecía él se ocupaba de los caballos, hacía concursos hípicos y se dedicaba a la agricultura. En el 1976 frecuentó el primer curso de la carrera en ciencias grafológicas de la Universidad de Urbino donde conoció a Irene, el amor de su vida con quién tuvo dos hijos: Emilio y Aurora. Ha dirigido el Consorcio de Productores de Vinagre Balsámico Tradicional de Módena, desde 1990 hasta 2003, luchando por obtener la Denominación de Origen Protegida. Su mote es: “Trabajaré siempre más”.</p>
<div style="width: 990px" class="wp-caption alignnone"><a href="http://www.acetaiavillabianca.com/wp-content/uploads/2013/02/famigliabiancardi_edgard-claudio.jpg"><img loading="lazy" decoding="async" alt="Edgar e Claudio assaggiano Balsamico Tradizionale" src="http://www.acetaiavillabianca.com/wp-content/uploads/2013/02/famigliabiancardi_edgard-claudio.jpg" width="980" height="735" /></a><p class="wp-caption-text">Edgar y Claudio catan Vinagre Balsámico Tradicional</p></div>
<p><strong>IRENE PÁTARA Biancardi</strong> — Nació en Roma de padre italo-holandés, vivió en Sicilia, estudió proyectación gráfica y comunicación visual en el ISIA de Urbino, y, pasando por Milano, Pésaro y Bolonia, llegó a Módena en 1980. Se casó con Claudio y unos años después nacieron Emilio y Aurora. En Módena enseña arte y dirige talleres de teatro para niños. Escribe e ilustra guías didácticas para profesores. Organiza visitas, degustaciones y propone juegos y recetas balsámicas a los visitantes de la acetaia.</p>
<div style="width: 990px" class="wp-caption alignnone"><img loading="lazy" decoding="async" alt="Irene durante la vendemmia" src="http://www.acetaiavillabianca.com/wp-content/uploads/2013/02/acetaiavillabianca_irene-vigna.jpg" width="980" height="653" /><p class="wp-caption-text">Irene durante la cosecha</p></div>
<p><strong>Emilio Biancardi</strong> — Estudió idiomas y se graduó en Geografía y procesos territoriales en la Universidad de Bolonia con una tesis sobre la evolución del paisaje rural en las colinas boloñesas. Durante sus estudios vivió en Alemania donde estudió alemán, aprendió español, practicó inglés y refinó su francés. Después de haber trabajado en el campo de la distribución alimentaria y de la energía, en 2011, empezó a trabajar a tiempo completo en la empresa. Paralelamente a la actividad de la acetaia cultiva sus grandes pasiones: el canto lírico, el teatro, el deporte y la buena cocina.</p>
<div style="width: 416px" class="wp-caption aligncenter"><a href="http://www.acetaiavillabianca.com/wp-content/uploads/2013/02/acetaiavillabianca_emilio.jpg"><img loading="lazy" decoding="async" class="cerchio " alt="Emilio al lavoro" src="http://www.acetaiavillabianca.com/wp-content/uploads/2013/02/acetaiavillabianca_emilio.jpg" width="406" height="406" /></a><p class="wp-caption-text">Emilio en el trabajo</p></div>
<p><strong>Aurora Biancardi</strong> — Nació en el frío invierno de 1985. Sus primeras meriendas fueron a base de pan y Vinagre Balsámico. Se diplomó en el Liceo Clásico de Módena y estudió diseño gráfico y comunicación audiovisual en Urbino, Augsburg (Alemania), Venecia y Milán. Desde 2008 trabaja como diseñadora gráfica autónoma: da forma a los contenidos guiada por la búsqueda de la belleza y la eficiencia. Diseña portadas de libros, marcas, manifiestos y regalos por encargo. Se ocupa de la comunicación de la acetaia para la cual diseña también etiquetas personalizadas. Para saber más visite el sitio <a href="http://www.aurorabiancardi.com" target="_blank"><em>www.aurorabiancardi.com</em></a></p>
<div style="width: 990px" class="wp-caption alignnone"><img loading="lazy" decoding="async" alt="Aurora e Irene (foto: Janice Waugh)" src="http://www.acetaiavillabianca.com/wp-content/uploads/2013/02/acetaiavillabianca_aurorairene.jpg" width="980" height="590" /><p class="wp-caption-text">Aurora y Irene (foto: Janice Waugh)</p></div>
<p><script type="text/javascript">// <![CDATA[
(function(i,s,o,g,r,a,m){i['GoogleAnalyticsObject']=r;i[r]=i[r]||function(){
  (i[r].q=i[r].q||[]).push(arguments)},i[r].l=1*new Date();a=s.createElement(o),
  m=s.getElementsByTagName(o)[0];a.async=1;a.src=g;m.parentNode.insertBefore(a,m)
  })(window,document,'script','//www.google-analytics.com/analytics.js','ga');

  ga('create', 'UA-44788597-1', 'acetaiavillabianca.com');
  ga('send', 'pageview');
// ]]></script></p>
<p></p>

<p>La Antica Acetaia Villa Bianca se encuentra en una posición privilegiada para la producción y el refinado del Vinagre Balsámico Tradicional de Módena y ofrece la ocasión de una inmersión en el pasado. La antigua villa se remonta al siglo XVII y conserva celosamente en sus preciosos barriles la pasión de siete generaciones. La familia [&hellip;]</p>
